divided by 23587?
504
Calculate the remainder when 675748 is divided by 425.
423
What is the remainder when 46 is divided by 41?
5
What is the remainder when 47221 is divided by 944?
21
Calculate the remainder when 1545 is divided by 15.
0
Calculate the remainder when 474039 is divided by 691.
13
Calculate the remainder when 136180 is divided by 45390.
10
Calculate the remainder when 12681 is divided by 150.
81
What is the remainder when 58361 is divided by 256?
249
What is the remainder when 171454 is divided by 304?
302
Calculate the remainder when 148217 is divided by 389.
8
What is the remainder when 5934 is divided by 2952?
30
Calculate the remainder when 11003 is divided by 313.
48
Calculate the remainder when 29425 is divided by 26.
19
What is the remainder when 461556 is divided by 362?
6
What is the remainder when 4265 is divided by 305?
300
What is the remainder when 8166 is divided by 3526?
1114
What is the remainder when 37114 is divided by 277?
273
Calculate the remainder when 321 is divided by 13.
9
Calculate the remainder when 73102 is divided by 406.
22
What is the remainder when 41459 is divided by 40944?
515
Calculate the remainder when 78146 is divided by 5581.
12
What is the remainder when 1469 is divided by 323?
177
What is the remainder when 2376 is divided by 107?
22
What is the remainder when 1306845 is divided by 146?
145
Calculate the remainder when 136593 is divided by 85.
83
Calculate the remainder when 146002 is divided by 75.
52
Calculate the remainder when 15667 is divided by 762.
427
What is the remainder when 132846 is divided by 261?
258
What is the remainder when 9170 is divided by 31?
25
What is the remainder when 16371 is divided by 900?
171
What is the remainder when 8477 is divided by 18?
17
What is the remainder when 127135 is divided by 4100?
35
What is the remainder when 731367 is divided by 27?
18
What is the remainder when 210319 is divided by 581?
578
Calculate the remainder when 25328 is divided by 1414.
1290
Calculate the remainder when 5564 is divided by 43.
17
What is the remainder when 135049 is divided by 123?
118
Calculate the remainder when 9045 is divided by 63.
36
What is the remainder when 1229999 is divided by 410?
409
What is the remainder when 2981 is divided by 7?
6
What is the remainder when 1545 is divided by 694?
157
Calculate the remainder when 429 is divided by 94.
53
Calculate the remainder when 11268 is divided by 97.
16
Calculate the remainder when 14790 is divided by 3463.
938
What is the remainder when 14374 is divided by 11?
8
What is the remainder when 955999 is divided by 2384?
15
What is the remainder when 13443 is divided by 3800?
2043
Calculate the remainder when 24872 is divided by 6218.
0
Calculate the remainder when 47798 is divided by 9541.
93
What is the remainder when 33617 is divided by 1?
0
What is the remainder when 436 is divided by 411?
25
Calculate the remainder when 887 is divided by 364.
159
Calculate the remainder when 140864 is divided by 273.
269
Calculate the remainder when 35914 is divided by 285.
4
Calculate the remainder when 4681 is divided by 130.
1
What is the remainder when 266157 is divided by 47?
43
Calculate the remainder when 21833 is divided by 5417.
165
Calculate the remainder when 5482 is divided by 40.
2
What is the remainder when 6720 is divided by 52?
12
Calculate the remainder when 3923 is divided by 41.
28
Calculate the remainder when 5708 is divided by 731.
591
What is the remainder when 59824 is divided by 33?
28
Calculate the remainder when 7349 is divided by 661.
78
What is the remainder when 3457 is divided by 1724?
9
What is the remainder when 57658 is divided by 149?
144
What is the remainder when 735 is divided by 709?
26
What is the remainder when 14188 is divided by 125?
63
What is the remainder when 10639 is divided by 1504?
111
What is the remainder when 2785 is divided by 176?
145
What is the remainder when 3885 is divided by 216?
213
Calculate the remainder when 2648 is divided by 126.
2
What is the remainder when 87513 is divided by 29122?
147
Calculate the remainder when 3340 is divided by 238.
8
What is the remainder when 105706 is divided by 584?
2
What is the remainder when 56773 is divided by 1443?
496
What is the remainder when 9364 is divided by 3098?
70
What is the remainder when 4008 is divided by 296?
160
Calculate the remainder when 14346664 is divided by 18.
16
What is the remainder when 3414 is divided by 1704?
6
Calculate the remainder when 841499 is divided by 300.
299
Calculate the remainder when 92648 is divided by 99.
83
What is the remainder when 5867 is divided by 1138?
177
Calculate the remainder when 2541 is divided by 1211.
119
Calculate the remainder when 57824 is divided by 154.
74
What is the remainder when 326337 is divided by 20?
17
Calculate the remainder when 942 is divided by 115.
22
What is the remainder when 26082 is divided by 47?
44
What is the remainder when 21705 is divided by 4?
1
What is the remainder when 170765 is divided by 697?
0
What is the remainder when 3767 is divided by 1192?
191
Calculate the remainder when 5325 is divided by 111.
108
Calculate the remainder when 5695 is divided by 5674.
21
What is the remainder when 33291 is divided by 710?
631
What is the remainder when 2081 is divided by 345?
11
Calculate the remainder when 106389 is divided by 35460.
9
Calculate the remainder when 285085 is divided by 57015.
10
What is the remainder when 42613 is divided by 21141?
331
Calculate the remainder when 25122 is divided by 1555.
242
Calculate the remainder when 242207 is divided by 16146.
17
What is the remainder when 3614 is divided by 1196?
26
Calculate the remainder when 24911 is divided by 150.
11
Calculate the remainder when 24209 is divided by 8040.
89
What is the remainder when 4513425 is divided by 1242?
1239
Calculate the remainder when 1336 is divided by 175.
111
Calculate the remainder when 234980 is divided by 184.
12
What is the remainder when 120 is divided by 89?
31
Calculate the remainder when 144749 is divided by 8.
5
Calculate the remainder when 188409 is divided by 17.
15
Calculate the remainder when 4579 is divided by 419.
389
What is the remainder when 128871 is divided by 140?
71
What is the remainder when 2004 is divided by 1925?
79
What is the remainder when 16792 is divided by 979?
149
What is the remainder when 2855 is divided by 174?
71
Calculate the remainder when 5791 is divided by 126.
121
What is the remainder when 341934 is divided by 55?
54
What is the remainder when 153157 is divided by 8?
5
What is the remainder when 18635 is divided by 1551?
23
What is the remainder when 37784 is divided by 260?
84
Calculate the remainder when 12291 is divided by 2831.
967
Calculate the remainder when 37313 is divided by 18648.
17
Calculate the remainder when 306397 is divided by 100.
97
What is the remainder when 766314 is divided by 11?
10
What is the remainder when 571291 is divided by 27?
25
What is the remainder when 9560 is divided by 9444?
116
What is the remainder when 79639 is divided by 220?
219
What is the remainder when 76964 is divided by 621?
581
What is the remainder when 686 is divided by 233?
220
Calculate the remainder when 124375 is divided by 28.
27
Calculate the remainder when 2027319 is divided by 99.
96
Calculate the remainder when 271343 is divided by 67822.
55
Calculate the remainder when 4014 is divided by 885.
474
Calculate the remainder when 9471 is divided by 1238.
805
What is the remainder when 58307 is divided by 7288?
3
What is the remainder when 36445 is divided by 628?
21
What is the remainder when 5046946 is divided by 18?
16
What is the remainder when 108371 is divided by 26?
3
What is the remainder when 1383 is divided by 166?
55
Calculate the remainder when 23180 is divided by 40.
20
Calculate the remainder when 3981 is divided by 72.
21
What is the remainder when 345867 is divided by 158?
5
Calculate the remainder when 333 is divided by 39.
21
What is the remainder when 512577 is divided by 2309?
2288
Calculate the remainder when 6953 is divided by 759.
122
What is the remainder when 5175 is divided by 239?
156
What is the remainder when 18153 is divided by 534?
531
What is the remainder when 3560 is divided by